12
Calculate 5 - 16 - 2 - (-109 - -155 - 37).
-22
What is 43 + (20 - 51) + 14 + -42?
-16
Calculate 1445 + -1469 + -44 + 1.
-67
(-14 - -7 - 1) + (19 - 7) - -39
43
What is 81 - 6 - (207 - 235 - (-12 - 2))?
89
Evaluate 8 + 14 + 9 - 44 - 40.
-53
Evaluate 79 + 22 + -105 - (-33 + 6 + -3).
26
What is 26 - (-58 + 75 + -39)?
48
Evaluate ((23 + -9 - 20) + 43 - 13) + -17.
7
What is the value of 1 + 2 - 50 - (-19 - -15)?
-43
8 + 20 + (19 - 22) + 14
39
Calculate 15 + 87 + -111 + (7 - -2) - 127.
-127
Calculate 22 + (-124 - (20 + -12 - 45)).
-65
Evaluate (12 - (0 + -2 - -8)) + -34 - -4.
-24
41 + (22 - (6 + 91))
-34
(-10 - (63 + -80)) + -55
-48
What is -33 - (-127 - -23 - -41)?
30
What is the value of -8 - (-19 - 4) - 4 - (-43 - (0 + -3))?
51
Evaluate -108 + -36 + (138 - 20).
-26
Evaluate -76 + (41 - -33) + 19 + 2 + -1.
18
-8 - (-15 - -17) - -7
-3
Calculate 58 - 1 - 58 - (-6 + 110 - 7).
-98
Calculate (-14 - ((6 - -15) + -64)) + -19.
10
What is the value of -21 + 23 + -14 - (48 + 4 + (1 - 5))?
-60
What is the value of 26 - (2 - (-40 - -30))?
14
Evaluate (-1233 - -1291) + -1 + 12 + 3 + -3 - 3.
66
Calculate -90 + 80 + (17 - (9 + 4 + -6)).
0
Evaluate (-1 + 0 + 4 - -9 - 5) + -6 + 91.
92
Evaluate 5 + (-1 - 8 - (1 - (17 - 2))) - -37.
47
What is 2 - (-5 + -6 + (15 - (4 - -4)) + 48)?
-42
Calculate -11 - ((-3 - ((2 - 12) + 4)) + 5 - -1).
-20
What is the value of (96 - 91 - -48) + 44?
97
Calculate 12 + -7 + 7 + -24 - (-1 + -33).
22
Evaluate 8 - 1 - (11 + -6 + -65) - (-3 - -1).
69
35 - 41 - ((-5 - -3) + -1) - (-2 + -14)
13
33 + -7 + 8 + (-10 + -18 - -6)
12
What is -25 + 55 + (-36 - 32)?
-38
15 + 26 + -23 - (-21 + 35)
4
What is 7 + 18 + 18 + -50?
-7
What is the value of -220 - (-62 - 46) - -83?
-29
What is 96 - (29 - -25) - 34?
8
Evaluate 50 - (9 + ((12 - 25) + 4 - -4)).
46
What is -4 + -8 + (61 - 7) - 13?
29
What is the value of 45 - (23 + 4 - 22 - 1)?
41
What is (-4 + (-3 - -25) - (803 + -888)) + 5?
108
10 + -13 + -45 + 4 + -3
-47
Calculate 119 + (-2 - (0 + 3)) + 41 + -138 + 89.
106
(57 - -69 - (2 - -13)) + (-10 - -3)
104
What is the value of 19 - -1 - (-969 - -938)?
51
What is -27 - 38 - -69 - (1 + -19 - -9)?
13
Calculate -45 + 142 + -79 + (-140 - -5).
-117
What is -1 + 11 + 26 + 13 + (8 - 56) + 112?
113
Evaluate (-1 - (-9 - (-30 + -1))) + 16.
-7
What is the value of (-11 + 61 - 64) + 37?
23
Evaluate (-4 - -17) + (-25 - (8 + -43 + 31)).
-8
What is (0 - -19) + (1435 - 1465)?
-11
Calculate (11 + 1 - (6 + (5 - -9))) + 41.
33
What is -36 + 119 + (53 - (-10 - -38))?
108
Evaluate 12 + (-1 + -108 - (-7 + (-19 - (-18 + 2)))).
-87
16 - ((80 - 51) + -59)
46
6 - -1 - (38 + -20) - -28 - 13
4
What is the value of (5 - (3 + 6)) + (-10 - -8) + -75 - -3?
-78
26 + (18 + (0 - 2) - (48 - 29 - 10))
33
What is the value of -23 - (-46 + 5 + 6 + -13 + 31)?
-6
-5 - (12 + -24 + -4 - -45)
-34
Calculate (81 - 95) + (32 - 7).
11
Evaluate (5 - 32) + 1 - (5 + (15 - 8) + -14).
-24
Calculate -12 + (-12 + 23 - 78).
-79
What is the value of 194 + -29 + -24 - 101?
40
Evaluate -28 + 39 + (-5 - 20).
-14
What is 47 - -1 - (-50 + 52 + 2)?
44
Calculate 18 + -12 - (829 + -899).
76
Calculate -16 + 13 + (-2 + -9 - 3) - (126 - 127).
-16
What is 2 - (81 - 0 - (-1134 + 1141))?
-72
What is -10 + 41 + 77 - 41?
67
Evaluate (-48 - -3) + -1 + 0 - (-27 - (39 - 64)).
-44
What is 25 - (25 + 10 + -35)?
25
What is the value of ((3 - -4) + 6 - (-24 + 22) - -5) + -9?
11
Calculate (1 - -10) + -142 + (-33 - -84).
-80
Evaluate -54 + (89 - (82 - 51)).
4
What is -125 + (-17 + 0 - -52)?
-90
Evaluate -6 - (19 - (-1 + -97 - (97 + -90))).
-130
Evaluate 78 + 67 + (-10 - (-20 - -25)).
130
Evaluate (18 - (14 + -24)) + -8 - 11.
9
Calculate -74 - (1 - (-2 - (2 - 1) - (447 - 442))).
-83
Evaluate 14 - 25 - (-3 + -17 + -2).
11
43 - (7 - 18 - -34) - -38
58
Calculate (-3968 - -4014) + (-19 - 0).
27
57 + -69 + (2 - (-1 + 3)) - -5
-7
What is 59 + (-29 - 46 - -35)?
19
What is the value of -9 - (-17 - (-3 - (18 + 0)))?
-13
Calculate 28 + (56 - 110) - -3.
-23
Evaluate ((39 - 12) + -11 - 56) + (1 - 0).
-39
6 - -6 - 4 - (-11 + -58 + 23)
54
Evaluate 13 - 27 - (-40 + (24 - 13)).
15
107 + -90 + (4 - (122 + (3 - 8)))
-96
Calculate -13 + -1 + (4 - ((-21 + 12 - -6) + 2)).
-9
Evaluate (10 - 19) + 8 - ((0 - -10) + 4 - 113).
98
Evaluate -28 + (61 - 42) + -20.
-29
What is the value of -12 + 2 + -43 + 56 + 0 + 5 + 10?
18
Calculate -22 - -10 - (-2 - (-12 + 10 + -20)).
-32
Evaluate (-24 - -6 - (31 + -36)) + (-3 - 2).
-18
What is -123 + 154 + -36 + 7?
2
Calculate -17 + 1 - -9 - -28 - 21.
0
Evaluate (0 - 78) + (8 + (-4 - 21) - -27) - -10.
-58
Evaluate 96 + (35 - 65 - 6 - -13).
73
What is 241 + -237 + (2 - 5) + -7 + 0 - 8?
-14
What is the value of -36 + 20 + (31 - -2)?
17
What is 8 - 1 - (13 + (-45 - -28 - 8))?
19
What is 36 - (19 - (5 + 13)) - 42?
-7
What is the value of -1 - ((-1 + 16 + 10 - 10) + -10) - 1?
-7
Evaluate (11 - 26) + 14 + (-22 - -53) - -16.
46
What is the value of 41 + (87 - ((16 - 59) + 53))?
118
What is the value of (2 - 7 - (-15 + (-12 - -22))) + 2 - -42?
44
What is the value of 2 + -4 + -1 + (51 - 0 - (84 - 68))?
32
Evaluate -13 + 8 + 8 + (42 - 91).
-46
-2 + (-10 - 10 - -12) - (15 - 58)
33
Calculate (13 - (-7 + 53)) + (-186 - -198).
-21
4 + (0 + 17 - (195 + -190 - (0 - -16)))
32
What is (21 - (-29 + 37)) + 23?
36
Calculate 7 + 65 - (-17 + 0 + 31).
58
Calculate (22 - (17 + 55)) + (8 - (6 + 18)).
-66
What is the value of 0 - 6 - (-24 - -12 - -33)?
-27
Calculate 1 + (-33 + 28 - (17 - 1)) + 12 - -42.
34
What is the value of -368 + 332 + (119 - (14 + -7))?
76
-108 - (-4 - (0 + (-17 - -25) - (15 - -1)))
-112
What is -27 + -316 + 304 + -2 + 3 + 1?
-37
10 - -27 - (-47 + 92)
-8
Evaluate -3 + (-61 - (-4 + 7)) - (89 - 86).
-70
Evaluate 58 - 0 - (-10 - (28 + -20) - -7).
69
Calculate (29 + 18 + 13 + -20 - 4) + 11.
47
-74 + -13 + 74 - 61
-74
Evaluate 15 + (-11 + 20 - -15) + -18.
21
Evaluate (-18 - 15) + -178 + 223.
12
What is 14 + (-29 - -44) + 1 - 50?
-20
Evaluate (-17 - 57 - 34) + 49.
-59
Evaluate (11 - 4) + -6 + -24 + -3 + -15 + 13.
-28
Calculate -2515 + 2516 + (1 - 47).
-45
What is the value of -7 - ((12 - 3) + -3 - (-13 - -13))?
-13
Calculate 132 + (-67 - (-29 + 230)).
-136
What is the value of (-10 + 122 - 6) + (-27 - -3)?
82
What is 18 - (-35 + 64) - (-1 + -2 - (33 + 0))?
25
What is -5 - (25 - 2) - ((2 - -5) + 0)?
-35
Evaluate 1092 + -1074 - (1 + 1).
16
-54 - (10 + (3 - 0) + 5 + -24)
-48
Calculate 23 + (112 + -114 - (-4 + -1)).
26
What is 80 - (56 + (-27 - 39))?
90
What is the value of (14 - 191) + 76 + 87?
-14
Evaluate -98 + 28 - (0 - -17).
-87
What is the value of -11 - (-7 - 11) - (-14 + 0 - (-33 + 35))?
23
Calculate -67 - (106 - 149 - -5).
-29
What is -19 - (62 + -47 + 4)?
-38
What is the value of 8 - ((-21 - -31) + 9 + -2)?
-9
What is the value of -51 - 2 - (26 + 49 - 60)?
-68
Calculate -29 + (41 + (18 - 58) - 19).
-47
What is (-169 - (217 + -420)) + (1 + 0 + -1 - 2)?
32
What is (-38 - -21) + 3 + -5 + (379 - 436)?
-76
What is the value of -57 + 17 + 30 - ((0 + 0 - 2) + 45)?
-53
What is the value of -94 - (-26 + -24) - -54?
10
What is the value of 23 + -35 + (-18 + -6 - (5 + 0)) - -9?
-32
1047 + -1018 - (-82 + -5)
116
What is the value of (4 - -8) + (-25 - (-17 + (28 - 27)))?
3
Calculate 44 + (-7 + 4 - (14 - 0)) + 4 + 2.
33
What is 885 - 879 - (-3 - (-18 - 3))?
-12
What is (72 - 22) + (287 - 326)?
11
Evaluate 33 - (-90 + 143) - 0.
-20
What is the value of -8 + -2 + -22 + (33 - -16)?
17
9 - 1 - (0 + (46 - (-14 - -20)) + 14)
-46
Calculate (16 - (-12 - -2)) + -45 + (7 - -88).
76
What is the value of 36 + -49 + -1 + 53?
39
8 + 8 + 2 + (5 - 31)
-8
What is the value of -11 + -25 - (-10 + 10)?
-36
What is -70 + -7 - (-174 - -120)?
-23
Calculate (4 + -16 - 6) + -41 - (4 + -7 - -7).
-63
-848 - -819 - ((6 - 2) + 37)
-70
What is 23 + 14 + -34 + (-8 - 12)?
-17
Evaluate (-13 - -8) + (-2 - -13) - ((5 - 2) + 0).
3
What is the value of -12 + 140 + -19 - 30?
79
Evaluate -355 + 399 + 2 + -13.
33
What is 36 + 2 - (-12 + 7 + 15 + -6)?
34
What is the value of -33 - -6 - 13 - (-9 + 11 - (2 - 2))?
-42
(-275 - -250) + 5 + (-5 - -47)
22
Calculate (26 + 22 - 32) + (2 - -3 - 9).
12
What is the value of (-3 - -10) + (32 - 48) - (1 + -1)?
-9
-18 - (-53 + -12 + -19 + 14)
52
Evaluate (31 - 47) + 133 + -198.
-81
-4 - 1 - (-130 - -63 - -171)
-109
Evaluate (28 - 0) + 10244 + -10